45?
3
What is the hundreds digit of 102245724?
7
What is the ten millions digit of 171794813?
7
What is the hundred millions digit of 384898639?
3
What is the thousands digit of 645807061?
7
What is the hundreds digit of 2626218142?
1
What is the ten thousands digit of 78457520?
5
What is the units digit of 403819865?
5
What is the hundreds digit of 545052702?
7
What is the ten thousands digit of 506904079?
0
What is the ten millions digit of 18788424?
1
What is the hundreds digit of 655043158?
1
What is the thousands digit of 65328053?
8
What is the hundred thousands digit of 485351520?
3
What is the hundred millions digit of 1668157478?
6
What is the thousands digit of 3220072127?
2
What is the units digit of 244223491?
1
What is the hundreds digit of 2945453536?
5
What is the ten millions digit of 1082150619?
8
What is the thousands digit of 75806189?
6
What is the millions digit of 5506880214?
6
What is the ten thousands digit of 52681158?
8
What is the tens digit of 2773810118?
1
What is the thousands digit of 210198915?
8
What is the hundred thousands digit of 1793192123?
1
What is the ten millions digit of 32869689?
3
What is the ten thousands digit of 525600878?
0
What is the ten millions digit of 6442479326?
4
What is the ten thousands digit of 186116730?
1
What is the hundred millions digit of 1126553958?
1
What is the hundred millions digit of 141858026?
1
What is the hundreds digit of 24710026?
0
What is the millions digit of 90353427?
0
What is the millions digit of 449724016?
9
What is the thousands digit of 264190316?
0
What is the millions digit of 8013036455?
3
What is the tens digit of 144793348?
4
What is the ten thousands digit of 57615823?
1
What is the tens digit of 93875483?
8
What is the hundreds digit of 272482288?
2
What is the ten thousands digit of 751139995?
3
What is the millions digit of 64890145?
4
What is the hundreds digit of 1330955383?
3
What is the ten millions digit of 442416512?
4
What is the units digit of 51815039?
9
What is the units digit of 1685336654?
4
What is the units digit of 4475505860?
0
What is the units digit of 110028211?
1
What is the hundred thousands digit of 7939599?
9
What is the units digit of 298133050?
0
What is the hundreds digit of 193093892?
8
What is the hundreds digit of 140109970?
9
What is the hundred thousands digit of 1593309477?
3
What is the hundreds digit of 144349304?
3
What is the hundred thousands digit of 37035838?
0
What is the billions digit of 4364423101?
4
What is the hundred millions digit of 567188260?
5
What is the units digit of 71002878?
8
What is the ten millions digit of 60950465?
6
What is the ten thousands digit of 119960930?
6
What is the hundred millions digit of 4198918285?
1
What is the ten millions digit of 454699269?
5
What is the ten millions digit of 17065997?
1
What is the hundred thousands digit of 1985280805?
2
What is the billions digit of 1030279767?
1
What is the ten millions digit of 51132796?
5
What is the thousands digit of 54769975?
9
What is the ten thousands digit of 37814523?
1
What is the ten thousands digit of 1394690827?
9
What is the units digit of 1468439328?
8
What is the billions digit of 1428228499?
1
What is the thousands digit of 17238538?
8
What is the tens digit of 51346723?
2
What is the hundred thousands digit of 186724045?
7
What is the tens digit of 2821023823?
2
What is the units digit of 581329208?
8
What is the billions digit of 1292735371?
1
What is the tens digit of 362772828?
2
What is the billions digit of 1931863248?
1
What is the ten thousands digit of 1019603191?
0
What is the hundreds digit of 5713797349?
3
What is the hundred millions digit of 134309365?
1
What is the ten thousands digit of 44043561?
4
What is the hundreds digit of 496180320?
3
What is the units digit of 52818935?
5
What is the millions digit of 28735392?
8
What is the hundred thousands digit of 2324226522?
2
What is the hundred thousands digit of 56142840?
1
What is the hundred thousands digit of 254389192?
3
What is the thousands digit of 248027663?
7
What is the units digit of 32490466?
6
What is the hundred millions digit of 165889993?
1
What is the thousands digit of 507960153?
0
What is the ten millions digit of 129425834?
2
What is the millions digit of 34507091?
4
What is the ten thousands digit of 3121766?
2
What is the millions digit of 1468110823?
8
What is the ten thousands digit of 344458545?
5
What is the hundred millions digit of 663034179?
6
What is the thousands digit of 46815262?
5
What is the ten thousands digit of 1998892728?
9
What is the hundreds digit of 992889888?
8
What is the ten thousands digit of 3635293?
3
What is the ten millions digit of 27630042?
2
What is the hundred thousands digit of 297549585?
5
What is the hundred millions digit of 133175570?
1
What is the ten thousands digit of 72101856?
0
What is the millions digit of 22173995?
2
What is the ten millions digit of 94120838?
9
What is the thousands digit of 5645092426?
2
What is the tens digit of 1501698461?
6
What is the thousands digit of 71153883?
3
What is the hundred thousands digit of 51285621?
2
What is the tens digit of 462295510?
1
What is the thousands digit of 201842847?
2
What is the hundred thousands digit of 106007702?
0
What is the ten thousands digit of 1039426295?
2
What is the billions digit of 5463752177?
5
What is the ten thousands digit of 86287139?
8
What is the thousands digit of 89648292?
8
What is the ten millions digit of 117294591?
1
What is the units digit of 76042149?
9
What is the millions digit of 394404741?
4
What is the ten millions digit of 230163007?
3
What is the thousands digit of 682393587?
3
What is the millions digit of 71513873?
1
What is the ten thousands digit of 4088355198?
5
What is the units digit of 5742105943?
3
What is the thousands digit of 18312854?
2
What is the hundred thousands digit of 1684590929?
5
What is the hundred millions digit of 5014577850?
0
What is the hundreds digit of 1063538022?
0
What is the millions digit of 158832636?
8
What is the thousands digit of 280787342?
7
What is the ten thousands digit of 2359970862?
7
What is the hundred thousands digit of 90406964?
4
What is the billions digit of 4052283800?
4
What is the hundred thousands digit of 82901935?
9
What is the tens digit of 342010448?
4
What is the thousands digit of 5968083028?
3
What is the tens digit of 2036563886?
8
What is the tens digit of 2283132514?
1
What is the units digit of 51040033?
3
What is the hundred thousands digit of 9440687822?
6
What is the hundred thousands digit of 58392919?
3
What is the units digit of 1747953579?
9
What is the hundred thousands digit of 16645681?
6
What is the ten thousands digit of 22444085?
4
What is the ten thousands digit of 530147856?
4
What is the thousands digit of 127107838?
7
What is the thousands digit of 848949055?
9
What is the hundreds digit of 29984021?
0
What is the thousands digit of 2806990179?
0
What is the thousands digit of 95915914?
5
What is the tens digit of 816005861?
6
What is the millions digit of 25570927?
5
What is the millions digit of 90260811?
0
What is the tens digit of 1006079062?
6
What is the ten millions digit of 68661537?
6
What is the thousands digit of 13609988?
9
What is the ten thousands digit of 202980961?
8
What is the hundred millions digit of 2470731166?
4
What is the tens digit of 146856016?
1
What is the ten thousands digit of 3942804667?
0
What is the units digit of 390871433?
3
What is the billions digit of 1993225886?
1
What is the thousands digit of 654918908?
8
What is the thousands digit of 118460625?
0
What is the thousands digit of 27618738?
8
What is the millions digit of 258409066?
8
What is the hundred millions digit of 448784896?
4
What is the hundred millions digit of 683797363?
6
What is the hundred millions digit of 239400043?
2
What is the thousands digit of 89128027?
8
What is the hundreds digit of 30142032?
0
What is the thousands digit of 2356349580?
9
What is the thousands digit of 495593016?
3
What is the tens digit of 1675699826?
2
What is the tens digit of 126898501?
0
What is the ten millions digit of 251175371?
5
What is the ten millions digit of 714879521?
1
What is the hundred thousands digit of 6276906202?
9